 2*v + 6. Let w be j(3). Let b(u) = u - 1. Let n be b(6). Suppose n*o - 91 = 4*l, -w*o + l = -4*l - 52. What is the tens digit of o?
1
Let o = -189 + 215. Suppose -12175 = -o*b + 1345. What is the tens digit of b?
2
Let r(t) be the second derivative of 227*t**4/12 + 2*t**3/3 + 5*t**2/2 - 24*t. Let z be r(-1). Suppose 0 = -10*n + 9*n + z. What is the units digit of n?
8
Let x = 36 + 143. Let p be 14608/(-112) + (-27)/(-63). Let r = p + x. What is the units digit of r?
9
Let c(o) be the first derivative of 109*o**2 - o + 51. What is the tens digit of c(2)?
3
Let m(a) = 13*a**2 - 3*a - 23. Let c(z) = 14*z**2 - 2*z - 24. Let i(f) = -5*c(f) + 6*m(f). What is the tens digit of i(10)?
0
Let x(c) = 128*c - 2690. What is the hundreds digit of x(31)?
2
Let l(i) be the third derivative of 79*i**5/60 - i**4/8 - 2*i**3/3 - 16*i**2. Let h be l(-2). Suppose -8*x - h = -11*x. What is the tens digit of x?
0
Let h(u) = 132*u**2 - 25*u + 51. Suppose 0 = 2*n + 3*v - 1, 7*n - 4*v = 2*n + 14. What is the tens digit of h(n)?
2
Suppose -s + 202603 = 5*t - 5*s, -81062 = -2*t - s. What is the ten thousands digit of t?
4
Let j(i) = 6*i**2 + 10*i + 81. Let k be j(-15). Suppose 15*b = 1824 + k. What is the tens digit of b?
0
What is the ten thousands digit of 2/14 - (163927168/224)/(-37)?
1
Suppose 0 = 3*m + 4*j - 36039 + 3526, -2*m + 3*j = -21630. What is the tens digit of m?
2
Let a(b) = 2*b - 2. Let v be a(7). Let u be (-10)/(1/(v/(-4))). What is the units digit of ((-24)/u)/((-2)/80)?
2
Let l be (6/18)/(2 - (-47)/(-24)). What is the units digit of (l/(16/(-626)))/((-2)/4)?
6
Suppose 8*i = -43 + 11. Let w be ((-525)/924 - 4/22)*i. Suppose r + 3*l + 2*l = 225, -w*r = -3*l - 675. What is the units digit of r?
5
Let m(t) = -t**3 - 83*t**2 + 58*t - 695. What is the hundreds digit of m(-85)?
8
Suppose -3*a = -1105 - 1265. Let n = a + -195. What is the units digit of n?
5
Let v(c) = 240*c - 1585. What is the units digit of v(62)?
5
Let c = -78 + 85. Suppose -14*k = -c*k - 371. Suppose -6*r - k = -1019. What is the hundreds digit of r?
1
Let n(b) = b**3 + b**2 - 2*b. Let z be (5 - 1)*(-18)/36. Let j be n(z). Suppose j = k + 2*k + 4*p - 137, 5*p - 31 = -k. What is the tens digit of k?
5
Let p(j) = -34 + 125*j - 100 - 44 + 15*j. What is the hundreds digit of p(7)?
8
Let s(n) = 99*n**2 + 304*n - 2110. What is the tens digit of s(7)?
6
Let j(g) be the second derivative of 11/6*g**3 - 5/2*g**2 - 34*g + 0 + 1/3*g**4. What is the units digit of j(-9)?
0
Let a = 454 + -80. Let m(b) = 2*b**2 - 21*b - 21. Let v be m(15). Suppose 4*u - a = -v. What is the units digit of u?
5
Let y = 19127 + -7904. What is the tens digit of y?
2
Let a be -1 + (10/5 - 1). Suppose 9*z - 11*z - g + 506 = a, 5*g = -5*z + 1265. What is the tens digit of z?
5
Suppose 5*p - 4*d = -0*d + 56, 3 = 3*d. Suppose -p = 6*g - 6. What is the tens digit of -1 + 128/2 + g + 2?
6
Let j = -9117 - -20048. What is the tens digit of j?
3
What is the thousands digit of 3/(126/(-12)) + (917637/(-49))/(-1)?
8
Let b(i) = -i**3 - 12*i**2 + 6*i - 1. Let l be b(-12). Suppose -2*w - 107 = 291. Let j = l - w. What is the tens digit of j?
2
Let o(t) = 9*t + 2. Let k be o(-13). Let b = k - -125. What is the units digit of (-8176)/(-40) - 4/b?
4
Suppose 20*p - 7672 - 9448 = 0. Let f = p - 643. What is the units digit of f?
3
Let h = 145 - 487. Let s = 200 + h. What is the units digit of (0 + 2 - s) + -2?
2
Suppose -4*u = u - 34605. What is the tens digit of u?
2
Suppose -5073 = -12*h + 7719. Suppose -j = 3*j - 8, -3*j = -4*c + h. What is the tens digit of c?
6
Suppose -20*f + 26*f = -714. Let i = f - -423. What is the tens digit of i?
0
Let o = 22599 - 13544. What is the thousands digit of o?
9
Let k(d) = 2*d**2 + 18*d + 13. Let n be k(-8). Let w be -10 + (n/1)/(4 - 3). What is the tens digit of -3 + 2 - -119 - (w - -9)?
2
Let l = 134 - 71. Let q = l - 70. Let m(t) = -t**3 - 5*t**2 - 6*t + 6. What is the units digit of m(q)?
6
Let s = -380 - -384. Suppose w + 2*w + 909 = 0. What is the hundreds digit of (-3*w/(-18))/((-1)/s)?
2
Suppose 3*r - 640 = 8*r - 5*o, -2*o = 2*r + 276. Let i = -120 - r. What is the tens digit of i?
1
Let w be -9*(1 + (-22)/18) + 3885. Suppose 0 = k + 4*k + 20, 3*y - 2*k = w. What is the hundreds digit of y?
2
Let f be -2*((-847)/(-14))/11. What is the units digit of 498*((-330)/18)/f?
0
Let n = 33868 - 22379. What is the ten thousands digit of n?
1
Let z = 10063 - -41491. What is the ten thousands digit of z?
5
Let b be ((-100)/(-2))/(2/4). Let k(a) = a**3 - 8*a**2 + 20*a - 52. Let f be k(7). Let i = b - f. What is the units digit of i?
1
Suppose 0 = -2*t + 2*o + 23696, 85*t - 5*o - 23699 = 83*t. What is the units digit of t?
7
Suppose 0 = -5*b - 2*b + 175. Suppose 1665 = -b*u + 28*u. What is the hundreds digit of u?
5
Let k(m) = m**3 + 9*m**2 + m + 10. Let y be k(-9). Suppose y + 1 = -j. What is the tens digit of (-8)/(-2) - -39 - j?
4
Suppose -7 = -2*y + 23. Suppose -4*t + 792 = 3*m, y*t = -2*m + 16*t + 517. What is the units digit of m?
0
Let s(l) = -222*l - 563. What is the thousands digit of s(-9)?
1
Suppose 3*i + 5*w = 361, 2*i - 2*w - w - 228 = 0. Suppose 0 = -y + i + 404. What is the units digit of y?
1
Let x(j) = 12*j + 5. Let a(c) = 289*c + 119. Let i(o) = 5*a(o) - 119*x(o). Let k(d) = -35*d + 1. Let g(p) = 5*i(p) + 2*k(p). What is the units digit of g(12)?
2
Suppose -471304 - 328906 = -65*p + 98805. What is the tens digit of p?
3
Let f be (-288)/(-11) + 4/(-22). Let m = 31 - f. Suppose -2*p - m*g + 174 = 0, 0 = -g - 2 - 2. What is the units digit of p?
7
Let p(w) = -w**2 - 36*w - 26. Let u be p(-20). Let m(h) = -h - 1. Let z be m(-6). Suppose -z*j - u = -4*a - 3, 5*j = 25. What is the tens digit of a?
7
Suppose -3*y + 5*b + 64852 = 0, 25 = b - 6*b. What is the ten thousands digit of y?
2
Let v(t) = 99*t**3 - 19*t**2 + 110*t - 69. What is the ten thousands digit of v(8)?
5
Let h(p) be the third derivative of -p**6/120 + p**5/60 + p**3 - p**2 + 27*p. Let q be h(0). What is the units digit of q/10 + (-160)/(-25) + 8?
5
What is the units digit of (-4)/(16/(-38))*(283 - -19) + 1?
0
Let f = -94 + 108. Let g = 181 + f. What is the tens digit of g?
9
What is the hundreds digit of (-664636)/35*((-10)/4)/((-31)/(-62))?
9
Let h(k) = k**2 - 12*k + 33. Let y(v) = -4. Let w(g) = g + 2. Let p(d) = 6*w(d) + 7*y(d). Let a(t) = 3*h(t) + 5*p(t). What is the units digit of a(5)?
4
What is the hundreds digit of (-102)/(-4)*(-1406380)/(-570)?
9
Suppose 4990 - 12868 = -3*t - 3*b, -b = 3*t - 7886. What is the thousands digit of t?
2
Suppose 0*j - x = 5*j - 6461, -1277 = -j - 4*x. Let f = j - 320. What is the hundreds digit of f?
9
Let c be 1/((-8)/(-122)) + (-2)/8. Let a be (-3)/c - (-1280)/25. Suppose 2*x - a = 59. What is the units digit of x?
5
Let m = 5913 + 3621. What is the tens digit of m?
3
Let b be (1 - 2)/(-4*5/80). Suppose 1470 = b*t + d, -2*d = -2*t + 959 - 229. What is the tens digit of t?
6
Suppose 0 = 2*x - 5 - 3. Let j be (124 + 10)*2/x. Suppose 3*i - 4*i + j = 0. What is the tens digit of i?
6
Suppose 3*z = -z - 5*c + 15, 0 = -z - c + 5. Suppose -5*h = 3*n - 28, 2*n + h = -h + 16. What is the units digit of (-45)/n*(-72)/z?
4
Suppose 2*k - 3*j - 213 + 270 = 0, 0 = 2*k - 2*j + 58. Let d = 255 + -133. Let h = d - k. What is the hundreds digit of h?
1
Let x(d) = 4*d**2 - 21*d + 55. Let m(t) = -11*t**2 + 62*t - 166. Let z(q) = 3*m(q) + 8*x(q). What is the units digit of z(13)?
7
Suppose s + 31415 - 98202 = -5*r, 0 = -3*r + 4*s + 40040. What is the hundreds digit of r?
3
What is the thousands digit of 1136/(4 - (-540)/(-140))?
7
Let h(x) = 2*x**3 - 3*x**2 - 126*x + 114. What is the units digit of h(19)?
5
Let k(l) = 27*l - 1. Let r(v) = -28*v + 1. Let c(a) = -4*k(a) - 3*r(a). Let i be 6/10*(2 + -7). What is the units digit of c(i)?
3
Let d be (-9*(-10)/225)/(2/25). Let a(l) = 74*l**2 - 29*l + 16. What is the tens digit of a(d)?
2
Let x(u) = 1612*u**3 - u**2. Let r be x(1). Suppose -315 = 5*b + 2*t - r, 5*t - 1290 = -5*b. What is the hundreds digit of b?
2
Let u be (((-1074)/4)/(-3))/((-12)/(-96)). Let z = u + 26. What is the hundreds digit of z?
7
Suppose -c + 16*c + 175016 - 468596 = 0. What is the tens digit of c?
7
What is the units digit of (-15)/6*(-56256)/160?
9
Suppose -248*y + 1850925 = -179*y. What is 